 7*a - 5. Suppose 10*u + 1772 - 1712 = 0. Determine v(u).
1
Suppose 40 = 3*a + l - 28, -3*l + 84 = 4*a. Suppose 7*c = 3*c + a. Let s(f) = f**3 - 7*f**2 + 5*f + 3. Give s(c).
-3
Let u(i) = i**3 + 2*i + 2. Let d(k) = -k**3 + k**2 - k. Let p(l) = -3*d(l) - u(l). Let v = 75 - 73. What is p(v)?
4
Suppose -4*f - 2 = 2*m + 4, 0 = -f - m. Let a = f + 6. Let c(i) = -2*i**2 + 8*i + 7. Let b(r) = 3*r**2 - 12*r - 10. Let u(j) = 5*b(j) + 7*c(j). Determine u(a).
-4
Let g(t) = 6*t + 3. Let v be -5*(-4 + 176/40). Calculate g(v).
-9
Let q(o) be the first derivative of -o**2 - 5*o - 242. What is q(-5)?
5
Suppose -5*d - 2*b = 0, 2*d - b - 29 = 4*b. Let w(s) be the second derivative of -2*s + 0 - 1/3*s**3 - 1/2*s**2. What is w(d)?
-5
Let s(m) = 4*m - 1. Let n be s(1). Let g be 4 - -3 - (n + 0). Let h(v) be the third derivative of v**5/60 - 7*v**4/24 + v**3/3 + 60*v**2. Determine h(g).
-10
Let d(u) = 2*u - 1. Let m(b) = b**2 - 8*b - 36. Let q(f) = -2*d(f) + m(f). Determine q(14).
-6
Let l(m) = -m - 19. Let x be l(-5). Let j(v) = v**3 + 15*v**2 + 15*v + 4. What is j(x)?
-10
Suppose u + 0 = -3*g + 12, 0 = 4*g + 2*u - 14. Suppose 4*z - 12 = -2*k, 0*k - 3*z = 2*k - 9. Let b(n) = 0 + g - 4*n - n**2 + k + 0. Calculate b(-6).
-7
Let m be 7 + -1 + (-7 - -7). Let o(c) = -c**2 + 7*c - 4. Let j(y) = -3*y**2 + 21*y - 12. Let v(x) = -4*j(x) + 11*o(x). What is v(m)?
-2
Let s(d) = 74 - 153 + 7*d**2 - d**3 + 74. Calculate s(7).
-5
Suppose -4*s + 2*s = c + 1, 3*s - c + 14 = 0. Let u(d) = 6*d + 12. Calculate u(s).
-6
Let t(p) = p + 17. Let x = 198 - 205. Give t(x).
10
Let c be (-690)/(-230) - (-5 + -1 - 1). Let o(w) = w**3 - 9*w**2 - 10*w - 6. Calculate o(c).
-6
Suppose -37*c = -38*c + 4. Let u(w) = -w**2 + w**2 + w**2 - c*w + 0*w - 5. Give u(4).
-5
Let a(v) = 2*v + 14. Suppose 2931*k - 2927*k = -24. Determine a(k).
2
Let r(p) be the first derivative of -p**2/2 + 2*p + 1. Let c be 22 - 26 - (-1)/(4/28). What is r(c)?
-1
Let a(s) = 4*s + 82. Let m(d) = -d - 17. Let i(j) = -2*a(j) - 11*m(j). What is i(-8)?
-1
Let b be -33 + 0 - (-2 + 1). Let i = 28 + b. Let j(u) = u**2 + 4*u - 3. Calculate j(i).
-3
Suppose 0 = 4*a + 2*a - 30. Suppose a*y + 28 = -4*l, 4*y + y = -2*l - 24. Let v(r) = -r**3 + r**2 + 2*r. What is v(l)?
8
Suppose -4*b + 36 = 8*b. Let o(k) = k**2 - 5*k + 4. Determine o(b).
-2
Let y(d) = 4*d**2 + 2*d - 3. Let x(p) = -p**2 + p. Let l = -34 + 35. Let j(f) = l*y(f) + 3*x(f). What is j(-5)?
-3
Let k(n) be the first derivative of -n**6/120 - n**5/20 + n**4/8 - n**3/6 + 41*n**2/2 + 37. Let u(i) be the second derivative of k(i). What is u(-3)?
-10
Let z(q) = q**2 - q + 1. Suppose 293 = -58*g + 119. What is z(g)?
13
Let k(f) = -f**2 + 4*f + 5. Let s be ((-3)/(-2))/((-5)/(-10)). Let w(x) = -4 + x - x - s + x. Let l be w(13). Calculate k(l).
-7
Let x(f) = f**2 - 3*f + 3. Let k(j) = -11*j - 1. Let u be k(1). Let w be (15/10)/((-9)/u). Let z be 1 + (-2)/w + 2. Give x(z).
1
Let c(k) = -21*k - 568. Let z be c(-27). Let q(x) be the second derivative of -3*x**5/20 + x**3/6 + x. Give q(z).
2
Let q(t) = -3*t**3 - 4*t**2 + 2*t + 1. Let i(n) = 4*n**3 + 5*n**2 - 3*n - 1. Let w(r) = -4*i(r) - 5*q(r). What is w(-2)?
3
Let l = -23 - -30. Let r(o) = -o + 6. Let g(p) = 4*p - 25. Let c(n) = 2*g(n) + 9*r(n). Calculate c(l).
-3
Let a(l) = l**3 + 4*l**2 - 5*l + 7. Suppose -4*h + 4*n = h - 5, 4*n - 2 = -2*h. Let o = 6 - h. Suppose o = -6*c + 5*c. Determine a(c).
7
Let q be (380/(-228))/(15/54). Let s(o) = 9 + o - 3 + 5. What is s(q)?
5
Let p(k) = 11*k - 7 + 14 - 9*k - k - 2*k. Determine p(9).
-2
Let a(k) = -13*k - 9. Let m(r) = 8*r + 5. Let q(s) = 3*a(s) + 5*m(s). What is q(-5)?
-7
Let n(w) be the first derivative of w**4/12 + w**3/2 - 5*w**2/2 - 14*w + 6. Let z(r) be the first derivative of n(r). What is z(-5)?
5
Let f(u) = 3538*u**2 - 8*u - 3 + 1 + 5 - 3532*u**2 - u**3 + 3. Give f(4).
6
Let w(u) be the first derivative of -11*u**2 - 2*u + 75. Calculate w(-2).
42
Let q(j) = j**3 + 19*j**2 - 21*j - 24. Let g be q(-20). Let p(c) = 3*c**2 - c**2 - 3*c**2 - 2 - 5*c. Give p(g).
2
Let g(w) = 2*w + 6. Let h be 3*(-4)/6 + -3. Let b be g(h). Let r(f) = -1 + 2*f - 8 + 7. Determine r(b).
-10
Let q be (-2)/6*1*-9. Suppose -q*d + 9 = -9. Let z(y) be the third derivative of y**5/60 - y**4/3 + 3*y**3/2 + y**2. What is z(d)?
-3
Let k(v) = -v**2 - 5*v - 2. Let b(f) = 4*f**2 - 1. Let s be b(-1). Suppose g = 2*g + s. What is k(g)?
4
Let w(f) = -f**3 + 5*f**2 + f - 6. Let u be w(5). Let k(i) be the third derivative of -i**4/8 - i**3/6 - 2*i**2 - 3. Calculate k(u).
2
Let h = 11 + -4. Let r(n) = -n + 9. Let o be r(h). Let s(y) = -4 + 5 + 2 - y + 2*y**2 - 3*y**o. Determine s(-3).
-3
Let m(r) = r**3 - 6*r**2 + 9 + 3*r + 7*r**2 + 8*r**2 + 7*r. Let w(u) = 4*u**2 + 24*u - 8. Let v be w(-6). Determine m(v).
-7
Let m(s) = 24*s - 77*s + 16*s + 24*s - 5. Determine m(4).
-57
Let t = 4 + -5. Let y be (-2)/(-6)*(7 + t). Let s(g) = 21*g**y + 3*g - 20*g**2 + 2 + 3. Determine s(-5).
15
Let v = -8 - -11. Let g = 9 - v. Let n(j) = 3 - g*j**2 + 4*j + 7 + 0 - 4 + j**3. Determine n(5).
1
Suppose 0 = -7*j + 73 - 87. Let k(c) = -c**3 + c. What is k(j)?
6
Let v be (-2)/7 - 736/(-28). Suppose -4*a - v = -6. Let n(h) be the first derivative of -h**4/4 - 4*h**3/3 + 3*h**2 - h - 29. Give n(a).
-6
Let n(d) = -d - 7. Let s be (-4)/(-14) + 47/7 + 1. Let y(u) = -u**3 + 10*u**2 - 17*u + 2. Let m be y(s). What is n(m)?
-1
Suppose -14 = 4*x + 5*s + 3, 2*s = -x - 5. Let a be x + -2 + 10 - 1. Let j be (-6)/(-8)*a + -1. Let m(d) = 3*d - 1. Calculate m(j).
5
Let j(o) = 2*o**2 - 3*o. Suppose -2*b - 54 = -5*b. Suppose 4*l - 6 = -4*x + 7*l, 0 = -l + 2. Suppose 0 = -d - 4*i + b, 0*d - 3*i = -x*d - 6. Calculate j(d).
2
Let j(h) = 8 - 5 - 9 + h + 2 - h**3 + 3*h**2 + 5. Let i be (2 - 4)/((-2)/3). What is j(i)?
4
Let q(d) = -d**3 - 10*d**2 - 7*d + 1. Let g be q(-9). Let r = 12 + g. Let o(v) = v + 3. What is o(r)?
-2
Suppose -25 = -8*h - 1. Let i = 41 - 37. Let t(m) = 10*m + 3*m**3 + 5*m**2 - 2*m**h - i*m + 6. Determine t(-4).
-2
Let z(r) be the first derivative of -r**4/12 - r**3/3 + 3*r**2/2 + 3*r - 4. Let o(x) be the first derivative of z(x). What is o(-4)?
-5
Let b be 3 + 1 + -2 - (-30 + 32). Let w(s) = s. Determine w(b).
0
Suppose -5*j - 5 = -7*j + l, 5*j + 15 = -3*l. Let a(v) = -v**3 - v - 26. Calculate a(j).
-26
Let u(l) = -l**3 - 4*l**2 - 1. Suppose 4 = 5*a - a + 4*c, 2*a - 3*c = -23. Give u(a).
-1
Let i = 20 + 11. Let r(b) = -28 + i + 5*b**3 + 6*b**2 - 6*b**3. Give r(6).
3
Let c(r) = -r**2 + 8*r - 6. Let o(f) = -2*f**2 + 17*f - 11. Let d(m) = 5*c(m) - 3*o(m). Give d(11).
3
Let f(m) = -m - 1. Let t(l) = -7*l - 13. Let c(n) = 6*f(n) - t(n). Let i(u) = u + 15. Let k be i(-12). Suppose k*v + 9 = 4*p, 2*v = 3*v + 3. What is c(p)?
7
Let i(z) be the second derivative of z**6/120 - z**4/12 - 4*z**3/3 - 7*z. Let x(j) be the second derivative of i(j). Determine x(2).
10
Let k(y) = -y**2 + 4*y + 4. Let w be 8 - 40/(2 - -2). Determine k(w).
-8
Let h(n) = n**3 + n**2 + n - 4. Let s = -23 + 23. Let d be h(s). Let p(v) = v - 2*v - 1 - 1 + 3*v + v**2. Calculate p(d).
6
Let r(t) be the third derivative of -t**4/24 + t**3/2 - t**2. Let q be (-11)/(363/(-3)) - (-1)/(-11). Let h be r(q). Let i(d) = -2*d**2 + 5*d - 4. Give i(h).
-7
Suppose 3*x - 6*x - 2*v = 2, 2*x = v + 1. Suppose 6*b - 33 + 9 = x. Let f(d) = d + 5. Calculate f(b).
9
Suppose 3*x - 8 = -x - z, -2 = -x + 5*z. Let a(w) = 3 - 5*w**2 + x*w**3 + 5*w + 0*w**3 - 2*w**2 - w**3. Determine a(6).
-3
Let d(x) = -5*x + 1. Let f(q) = -5*q - 7. Let y(i) = -6*i - 8. Let r(m) = -7*f(m) + 6*y(m). Let k(c) = d(c) - 4*r(c). Calculate k(-4).
1
Let n(o) = -5*o + 8. Let u(q) = -22*q + 33. Let x(m) = 9*n(m) - 2*u(m). Determine x(4).
2
Suppose 27 = -5*l - 2*t - t, l + 10 = 4*t. Let g(j) = -8*j + 2. Give g(l).
50
Let t = -1 + 3. Suppose m + 4*q = -1 + 3, 0 = 4*m + 3*q - 8. Let l(g) = -g**3 + g - 12*g**t + 0*g**3 + 14*g**m + 3 + 0*g**3. Determine l(3).
-3
Let q = -247 - -121. Let r = -123 - q. Let w(a) = a**3 - 3*a - 1. Determine w(r).
17
Let j(n) = 8*n + 1. Let v(y) = 18*y + 2. Let x(s) = -13*j(s) + 6*v(s). Calculate x(-1).
-5
Let o(n) = -9*n**2 - 9*n + 51382 - 51382 - n**3. Determine o(-7).
-35
Let v(j) = 6*j**2 - 2*j - 1. Let f = -76 + 78. Suppose -18 = a - 5*s, 5*a - 2*s + 18 = -s. Let z be f/(2 + a - 1). Calculate v(z).
7
Let v(t) = 